{"id":382,"date":"2016-06-21T11:57:00","date_gmt":"2016-06-21T09:57:00","guid":{"rendered":"http:\/\/www.kav-brandenburg.de\/?page_id=382"},"modified":"2025-10-01T07:49:50","modified_gmt":"2025-10-01T05:49:50","slug":"nahverkehr-2","status":"publish","type":"page","link":"https:\/\/www.kav-brandenburg.de\/?page_id=382","title":{"rendered":"Nahverkehr"},"content":{"rendered":"<div class=\"wpb-content-wrapper\"><p>[vc_row][vc_column][vc_column_text css=&#8220;&#8220;]<\/p>\n<h1>Nahverkehr<\/h1>\n<p>&nbsp;<\/p>\n<table>\n<tbody>\n<tr>\n<td><b>Name<\/b><\/td>\n<td><b> Ort <\/b><\/td>\n<td><b>Mitgliedstyp<\/b><\/td>\n<\/tr>\n<tr>\n<td>Barnimer Busgesellschaft mbH<\/td>\n<td>Eberswalde<\/td>\n<td>Vollmitglied<\/td>\n<\/tr>\n<tr>\n<td>Busverkehr Oder-Spree GmbH (BOS)<\/td>\n<td>F\u00fcrstenwalde<\/td>\n<td>Vollmitglied<\/td>\n<\/tr>\n<tr>\n<td>Cottbusverkehr GmbH<\/td>\n<td>Cottbus<\/td>\n<td>Vollmitglied<\/td>\n<\/tr>\n<tr>\n<td>DB Regio Bus Ost GmbH<\/td>\n<td>Potsdam<\/td>\n<td>Vollmitglied<\/td>\n<\/tr>\n<tr>\n<td>Havelbus Verkehrsgesellschaft mbH<\/td>\n<td>Nauen<\/td>\n<td>Vollmitglied<\/td>\n<\/tr>\n<tr>\n<td>mobus &#8211; M\u00e4rkisch-Oderland Bus GmbH<\/td>\n<td>Strausberg<\/td>\n<td>Vollmitglied<\/td>\n<\/tr>\n<tr>\n<td>Oberhavel Verkehrsgesellschaft mbH<\/td>\n<td>Oranienburg<\/td>\n<td>Mitglied oT<\/td>\n<\/tr>\n<tr>\n<td>OSL Bus GmbH<\/td>\n<td>Senftenberg<\/td>\n<td>Vollmitglied<\/td>\n<\/tr>\n<tr>\n<td>Ostprignitz-Ruppiner Personennahverkehrsgesellschaft\u00a0mbH<\/td>\n<td>Kyritz<\/td>\n<td>Vollmitglied<\/td>\n<\/tr>\n<tr>\n<td>regiobus Potsdam Mittelmark GmbH<\/td>\n<td>Potsdam<\/td>\n<td>Vollmitglied<\/td>\n<\/tr>\n<tr>\n<td>Regionale Verkehrsgesellschaft Dahme-Spreewald mbH (RVS)<\/td>\n<td>Luckau<\/td>\n<td>Vollmitglied<\/td>\n<\/tr>\n<tr>\n<td>Sch\u00f6neicher-R\u00fcdersdorfer Stra\u00dfenbahn (SRS) GmbH<\/td>\n<td>Sch\u00f6neiche<\/td>\n<td>Vollmitglied<\/td>\n<\/tr>\n<tr>\n<td>Spree-Nei\u00dfe-Cottbusverkehr GmbH<\/td>\n<td>Cottbus<\/td>\n<td>Vollmitglied<\/td>\n<\/tr>\n<tr>\n<td>Stadtverkehrsgesellschaft mbH Frankfurt (Oder)<\/td>\n<td>Frankfurt (Oder)<\/td>\n<td>Vollmitglied<\/td>\n<\/tr>\n<tr>\n<td>Uckerm\u00e4rkische Verkehrsgesellschaft (UVG) mbH<\/td>\n<td>Schwedt\/Oder<\/td>\n<td>Vollmitglied<\/td>\n<\/tr>\n<tr>\n<td>Verkehrsbetrieb Potsdam GmbH (VIP)<\/td>\n<td>Potsdam<\/td>\n<td>Vollmitglied<\/td>\n<\/tr>\n<tr>\n<td>Verkehrsbetriebe Brandenburg an der Havel GmbH<\/td>\n<td>Brandenburg an der Havel<\/td>\n<td>Vollmitglied<\/td>\n<\/tr>\n<tr>\n<td>Verkehrsgesellschaft Teltow-Fl\u00e4ming mbH<\/td>\n<td>Luckenwalde<\/td>\n<td>Vollmitglied<\/td>\n<\/tr>\n<tr>\n<td>Verkehrsservice GmbH<\/td>\n<td>Eberswalde<\/td>\n<td>Vollmitglied<\/td>\n<\/tr>\n<tr>\n<td><\/td>\n<td><\/td>\n<td><\/td>\n<\/tr>\n<\/tbody>\n<\/table>\n<p>[\/vc_column_text][\/vc_column][\/vc_row]<\/p>\n<\/div>","protected":false},"excerpt":{"rendered":"<p>[vc_row][vc_column][vc_column_text css=&#8220;&#8220;] Nahverkehr &nbsp; Name Ort Mitgliedstyp Barnimer Busgesellschaft mbH Eberswalde Vollmitglied Busverkehr Oder-Spree GmbH (BOS) F\u00fcrstenwalde Vollmitglied Cottbusverkehr GmbH Cottbus Vollmitglied DB Regio Bus Ost GmbH Potsdam Vollmitglied Havelbus Verkehrsgesellschaft mbH Nauen Vollmitglied mobus &#8211; M\u00e4rkisch-Oderland Bus GmbH Strausberg Vollmitglied Oberhavel Verkehrsgesellschaft mbH Oranienburg Mitglied oT OSL Bus GmbH Senftenberg Vollmitglied Ostprignitz-Ruppiner Personennahverkehrsgesellschaft\u00a0mbH Kyritz&hellip;<\/p>\n","protected":false},"author":1,"featured_media":0,"parent":3628,"menu_order":0,"comment_status":"closed","ping_status":"closed","template":"","meta":{"footnotes":""},"class_list":["post-382","page","type-page","status-publish","hentry","description-off"],"_links":{"self":[{"href":"https:\/\/www.kav-brandenburg.de\/index.php?rest_route=\/wp\/v2\/pages\/382","targetHints":{"allow":["GET"]}}],"collection":[{"href":"https:\/\/www.kav-brandenburg.de\/index.php?rest_route=\/wp\/v2\/pages"}],"about":[{"href":"https:\/\/www.kav-brandenburg.de\/index.php?rest_route=\/wp\/v2\/types\/page"}],"author":[{"embeddable":true,"href":"https:\/\/www.kav-brandenburg.de\/index.php?rest_route=\/wp\/v2\/users\/1"}],"replies":[{"embeddable":true,"href":"https:\/\/www.kav-brandenburg.de\/index.php?rest_route=%2Fwp%2Fv2%2Fcomments&post=382"}],"version-history":[{"count":3,"href":"https:\/\/www.kav-brandenburg.de\/index.php?rest_route=\/wp\/v2\/pages\/382\/revisions"}],"predecessor-version":[{"id":11736,"href":"https:\/\/www.kav-brandenburg.de\/index.php?rest_route=\/wp\/v2\/pages\/382\/revisions\/11736"}],"up":[{"embeddable":true,"href":"https:\/\/www.kav-brandenburg.de\/index.php?rest_route=\/wp\/v2\/pages\/3628"}],"wp:attachment":[{"href":"https:\/\/www.kav-brandenburg.de\/index.php?rest_route=%2Fwp%2Fv2%2Fmedia&parent=382"}],"curies":[{"name":"wp","href":"https:\/\/api.w.org\/{rel}","templated":true}]}}